nder when 17 is divided by j.
7
Let y be (10 - 1) + 2 - 2. Suppose -a + 0 = 3*c - 3, -3*c = 5*a + y. Suppose -2*z - c*z + 128 = 0. What is the remainder when z is divided by 17?
15
Let j = -7 + 32. Suppose -2*z + z = c - 6, 5*z + 5 = 0. What is the remainder when j is divided by c?
4
Let j(t) = -t**3 + t**2 - t + 29. What is the remainder when 112 is divided by j(0)?
25
Suppose -3*m + 6*m + 9 = 0. Let l be m*(1 + 1)/(-2). Calculate the remainder when ((-14)/l)/(1/(-3)) is divided by 5.
4
Suppose -6*r = -2 - 64. Calculate the remainder when r is divided by 4.
3
Let x = 49 - 43. What is the remainder when 11 is divided by x?
5
Suppose -5*u = u - 42. What is the remainder when 47 is divided by u?
5
Suppose -b + 17 + 2 = 0. Calculate the remainder when b is divided by 7.
5
Let r be 14*(-1 + (-1)/(-2)). Let w = 3 - r. Calculate the remainder when w is divided by 4.
2
Suppose 0 = -5*c + 3 + 62. Let w = 42 - c. Let k(f) = -f**3 + 4*f**2 + 5*f - 5. Calculate the remainder when w is divided by k(4).
14
Let q(s) = 9*s**3 + 3*s**2 + s - 2. Let m be q(-2). Let y = 95 + m. What is the remainder when y is divided by 11?
9
Suppose -9*l + 10*l - 27 = 0. Calculate the remainder when 66 is divided by l.
12
Let b = 8 - 5. Suppose 2*k + 12 = -3*l - 3*k, -b*l - 2*k = 3. Suppose -5*g + 0*i = i - 5, -g = 3*i - 1. What is the remainder when l is divided by g?
0
Suppose -d - 4*b + 17 = -b, -4*b + 20 = 0. Suppose 205 = 5*s + 30. Calculate the remainder when s is divided by 112/6 - d/3.
17
Suppose 5*h + 3*p = 4*h + 36, -99 = -4*h - 3*p. Let q = h + -14. Calculate the remainder when 20 is divided by q.
6
Let w(g) = 18*g + 3. Let a be w(3). Suppose 2*h - a = -h. Calculate the remainder when h is divided by 10.
9
Let y(z) = 1 - 3*z + 2*z - 1. Let o be y(4). What is the remainder when 6 is divided by 0*(-2)/(-4) - o?
2
Let o be (0/((-3)/(-1)))/3. Suppose o*c + c = 4. Suppose -195 = x - 6*x - 5*g, c*g - 119 = -3*x. What is the remainder when x is divided by 10?
7
Calculate the remainder when 33*4/(-3 + 15) is divided by 4.
3
Let n(g) = -g**3 + 11*g**2 + 5. Let s be n(11). Suppose u - 5*y - 27 + 9 = 0, -s*y = -5*u + 110. Calculate the remainder when 44 is divided by u.
21
Suppose -x - 110 = -5*f + 207, 2 = -x. Suppose 4 - f = -5*t - 4*b, -5*b + 27 = 2*t. What is the remainder when 30 is divided by t?
8
Let t(b) = b + 9. Let q = -1 + 3. Let w = q + 0. What is the remainder when t(-7) is divided by w?
0
Let k be (5/2)/(3/54). Let i = 77 - k. Let j = 4 + 7. Calculate the remainder when i is divided by j.
10
Suppose 9*i - 14*i = -25. What is the remainder when 14 is divided by i?
4
Let a(f) = 5*f - 14. What is the remainder when a(10) is divided by 19?
17
Suppose 4*c + 3*z - 111 = 149, -46 = -c + 4*z. Let b = c + -32. What is the remainder when b is divided by 8?
6
Let l = -31 + 72. Calculate the remainder when l is divided by 14.
13
Let j(q) = q**2 + q. Let d(s) = 4*s**2 - 7*s + 9. Let i(o) = d(o) - 2*j(o). Calculate the remainder when i(7) is divided by 4/(-4) - -14 - -2.
14
Let u = -42 - -70. Let d = -20 + u. Suppose 4*k = 23 + 65. What is the remainder when k is divided by d?
6
Suppose 3*d + 1 + 5 = 0. What is the remainder when -1 - (-1 + (-6 - d)) is divided by 3?
1
Let d(g) = 6*g**3 - 2*g**2 + 2. Suppose -3*a - 11 - 13 = -j, 27 = j - 4*a. What is the remainder when d(2) is divided by j?
12
Suppose -3*n - 5*q = 1 + 5, n - 15 = 4*q. Suppose -31 = -5*r - i, -17 = -n*r - 0*r + i. Calculate the remainder when r is divided by 4.
2
Let m(v) be the second derivative of v**3/6 + v. Let w be m(0). Suppose w = 2*f + 2 - 36. Calculate the remainder when f is divided by 6.
5
Let s = 31 + -19. Calculate the remainder when 47 is divided by s.
11
Suppose 5*v - 39 = 3*m, -5*v - 4*m + 51 = -m. Suppose -27 = -4*s - 7. What is the remainder when v is divided by s?
4
What is the remainder when 101 is divided by 262/10 + (-6)/30?
23
Let w(t) = -t**3 - 6*t**2 - 5*t + 6. Let q be w(-5). Suppose q*l = 2*l + 16, 3*v + 2*l = 17. Calculate the remainder when 1*(-1 + 1 + v) is divided by 3.
0
Let w(g) = 3*g + 4. Calculate the remainder when w(4) is divided by 11.
5
Suppose 0 = -0*z - 4*z - 272. Let w = -37 - z. What is the remainder when w is divided by (-5 - 1)/(3/(-4))?
7
Let d(f) = 5*f - 2. Let v = -55 - -86. What is the remainder when v is divided by d(2)?
7
Suppose 4*f = -u + 64, -3*u - 32 = -2*f + 14. Calculate the remainder when 31 is divided by f.
14
Let b = -4 - -7. Let m = b + -3. Suppose -2*a - s = -9, 3*a + 5*s + m*s = -4. Calculate the remainder when 12 is divided by a.
5
What is the remainder when (228/(-2))/((-27)/18*1) is divided by 13?
11
Suppose 4*a + 4 = 0, 3*c = -2*a + 299 - 88. What is the remainder when c is divided by 18?
17
Let f be (2/(-3))/((-6)/225). Suppose -2*b + 7 = -f. Suppose -38 = -3*w + 103. What is the remainder when w is divided by b?
15
Suppose 4*a - 8 = -2*c, 2*c + c = 4*a - 18. Suppose -11 = -3*v - t, -2*v + 5*t = -5 - 8. What is the remainder when v is divided by a?
1
Suppose 0 = 2*k - 5*k. Suppose k = 3*q - 8 - 25. Calculate the remainder when 20 is divided by q.
9
Let s = 53 + -35. Calculate the remainder when s is divided by 7.
4
Let a(g) = 3*g**2 - 2*g + 3. What is the remainder when a(3) is divided by 13?
11
Suppose 5*h + 3*c - 179 = 217, 0 = -2*c + 4. Calculate the remainder when 29 is divided by (-3)/5 - h/(-5).
14
Let d(r) = r + 26. Calculate the remainder when d(0) is divided by 15.
11
Let u(x) = x**3 + 6*x**2 - 2*x + 7. Suppose 4*s - 107 = -2*g - 15, -g = 3*s - 51. Calculate the remainder when g is divided by u(-6).
17
Let c be 5/3*45/3. Suppose c = p - 2*h, -p = 2*p - 5*h - 72. Calculate the remainder when p is divided by 11.
8
Let t(j) = j**3 - 6*j**2 - 4*j - 10. Calculate the remainder when t(7) is divided by (105/60)/(1/4).
4
Let d = -30 + 63. Calculate the remainder when d is divided by 18.
15
Let r(q) = 2*q**2 - 11*q + 5. What is the remainder when r(7) is divided by ((-56)/42)/((-2)/21)?
12
Let g = 54 + -32. Suppose -2*s = -2*y - 20, 0 = -s + 3*y - 8*y + g. Calculate the remainder when 22 is divided by s.
10
Let r = -94 - -47. Let i be (r/(-3))/(1/3). Suppose -117 = -3*o + 3*z, 5*z + i = -4*o + 5*o. Calculate the remainder when o is divided by 13.
11
Let k(t) = -t**2 - t. Let i(u) = -19*u**3 - 5*u**2 - 5*u. Let f(r) = i(r) - 4*k(r). Calculate the remainder when (-105)/((-9)/3) - -1 is divided by f(-1).
17
Suppose 2*p - 49 = d - 4*d, 2*d - 71 = -3*p. What is the remainder when p is divided by 9?
5
Let l = 9 - 5. Suppose 0 = -l*h + 8, 5*d - 23 = 5*h + 47. Let t = 57 + -10. What is the remainder when t is divided by d?
15
Let j(p) = 1 + 2*p**3 - 2*p**3 + p**3. Calculate the remainder when j(2) is divided by 3.
0
Suppose 1242 = -7*q + 30*q. What is the remainder when q is divided by 19?
16
Let l(z) = -2*z**3 - 8*z**2 + 7*z + 7. Calculate the remainder when l(-5) is divided by (-6)/(-4)*(0 - -4).
4
Let u(b) = 4*b**2 + b - 3. Suppose 0 = -3*k - 0*k - 6. Calculate the remainder when (2 - -38) + 2 + 0 is divided by u(k).
9
Let m be (0 + (-192)/(-20))*10. Let z = m + -40. Suppose 4*c - 5*n - 112 = -26, -4*c = 4*n - 68. Calculate the remainder when z is divided by c.
18
Calculate the remainder when (-3 - (-275)/10)*2 is divided by 17.
15
Let n(j) be the second derivative of 7/6*j**3 + 3*j + 0 - 5/2*j**2. Calculate the remainder when n(4) is divided by 8.
7
Let a = -18 + 48. What is the remainder when a is divided by 6*2*4/3?
14
What is the remainder when 51 is divided by (5/(-15))/((-3)/162)?
15
Let r = 10 - 3. Suppose r*i + 4 = 207. What is the remainder when i is divided by 16?
13
Let k = 15 + -9. Suppose k*a - 30 = 4*a. What is the remainder when 29 is divided by a?
14
Let g = 105 - -4. Calculate the remainder when g is divided by 16.
13
Let o = -86 + 127. What is the remainder when o is divided by 14?
13
Suppose -2*a - 5*o + 297 = 0, 0 = 3*a + o - 3*o - 398. Suppose -q + 3*q + a = 0. Let y = -18 - q. What is the remainder when y is divided by 17?
16
Let q = 6 + 2. What is the remainder when q is divided by 2?
0
Let v = 3 - -1. Suppose w + 5*k = v*w - 24, -2*w - 3*k - 3 = 0. Suppose -4*t = -s + 48, -w*s + 198 = 2*s + t. Calculate the remainder when s is divided by 14.
12
Let n(a) = a**3 + 2*a**2 - 3*a + 3. Let c be n(-3). Calculate the remainder w